 multiple of 337?
True
Does 1250 divide 8156421?
False
Does 36 divide 69088?
False
Is 27 a factor of 3075030?
True
Does 240 divide 53411?
False
Is 181584 a multiple of 12?
True
Is 3921960 a multiple of 48?
False
Is 278 a factor of 8151238?
True
Does 68 divide 37876?
True
Is 11106 a multiple of 18?
True
Is 25 a factor of 24240?
False
Is 121523 a multiple of 280?
False
Does 12 divide 77880?
True
Does 85 divide 557090?
True
Does 173 divide 2550020?
True
Is 260174 a multiple of 2?
True
Does 149 divide 140656?
True
Does 13 divide 31239?
True
Does 174 divide 90268?
False
Is 80 a factor of 1197211?
False
Is 225 a factor of 335250?
True
Is 8 a factor of 57742?
False
Is 1080680 a multiple of 40?
True
Does 55 divide 4883239?
False
Is 47 a factor of 77127?
True
Is 646 a factor of 7865050?
True
Is 104625 a multiple of 21?
False
Does 1817 divide 10493613?
False
Is 237167 a multiple of 5?
False
Is 25 a factor of 2092600?
True
Is 25107 a multiple of 187?
False
Is 10 a factor of 124005?
False
Is 2821160 a multiple of 10?
True
Is 324 a factor of 16200?
True
Is 144 a factor of 83664?
True
Is 56475 a multiple of 24?
False
Is 1436799 a multiple of 133?
True
Does 16 divide 8099696?
True
Does 219 divide 151110?
True
Is 182806 a multiple of 89?
True
Is 306042 a multiple of 8?
False
Is 3 a factor of 25464?
True
Is 1826807 a multiple of 28?
False
Is 25 a factor of 17403850?
True
Is 12 a factor of 2165712?
True
Is 37209 a multiple of 3?
True
Is 166910 a multiple of 41?
False
Is 65025 a multiple of 3?
True
Does 29 divide 407593?
False
Does 263 divide 1396128?
False
Is 1211 a factor of 5067109?
False
Does 12 divide 2776610?
False
Is 678836 a multiple of 4?
True
Is 101 a factor of 1315080?
False
Is 46 a factor of 148948?
True
Does 572 divide 311168?
True
Is 6318 a multiple of 6?
True
Is 97120 a multiple of 16?
True
Does 19 divide 232329?
False
Is 591824 a multiple of 47?
True
Does 41 divide 168950?
False
Is 1047 a factor of 10662648?
True
Is 352544 a multiple of 16?
True
Is 1025551 a multiple of 33?
False
Is 790 a factor of 862548?
False
Is 18 a factor of 1336194?
True
Is 711435 a multiple of 464?
False
Is 251 a factor of 1117954?
True
Is 151 a factor of 44176?
False
Is 137530 a multiple of 5?
True
Is 39075 a multiple of 42?
False
Does 80 divide 177840?
True
Does 3 divide 31849?
False
Does 3 divide 83024?
False
Is 170 a factor of 1572670?
True
Does 39 divide 10608?
True
Is 7387564 a multiple of 212?
True
Is 21 a factor of 200777?
False
Does 17 divide 998936?
False
Is 6 a factor of 55684?
False
Does 11 divide 19359659?
True
Is 72 a factor of 467856?
True
Does 249 divide 1321443?
True
Is 29 a factor of 276515?
True
Is 26 a factor of 1727024?
True
Is 21201 a multiple of 191?
True
Does 5 divide 10205?
True
Is 594702 a multiple of 27?
True
Is 3366 a multiple of 6?
True
Is 98 a factor of 1557122?
True
Is 35249 a multiple of 103?
False
Is 35086 a multiple of 139?
False
Is 763623 a multiple of 651?
True
Is 601798 a multiple of 212?
False
Does 29 divide 1069539?
False
Is 3 a factor of 3627522?
True
Does 459 divide 2102679?
True
Is 456 a factor of 136800?
True
Is 37816 a multiple of 38?
False
Is 359406 a multiple of 341?
False
Does 528 divide 18994272?
True
Is 8536 a multiple of 88?
True
Is 317439 a multiple of 9?
True
Is 42326 even?
True
Does 13 divide 164789?
False
Does 18 divide 282996?
True
Does 65 divide 113295?
True
Does 30 divide 2127570?
True
Does 16 divide 7488910?
False
Is 18 a factor of 805889?
False
Is 122776 a multiple of 16?
False
Does 7 divide 2716280?
True
Is 9633078 a multiple of 13?
True
Is 6 a factor of 46092?
True
Does 411 divide 184128?
True
Is 100353 a multiple of 255?
False
Is 211410 a multiple of 81?
True
Does 92 divide 510416?
True
Is 11 a factor of 236478?
True
Is 83251 a multiple of 99?
False
Is 131621 a multiple of 50?
False
Is 1024 a factor of 326656?
True
Is 2084615 a multiple of 7?
False
Is 42 a factor of 996996?
True
Is 127062 a multiple of 9?
True
Is 68292 a multiple of 18?
True
Is 5 a factor of 174594?
False
Is 70 a factor of 3380357?
False
Is 191 a factor of 1142260?
False
Is 22532301 a multiple of 387?
True
Does 316 divide 520663?
False
Is 13 a factor of 15328901?
False
Is 47168 a multiple of 46?
False
Is 27 a factor of 768096?
True
Does 477 divide 148347?
True
Does 11 divide 5219522?
True
Is 22 a factor of 137537?
False
Is 121 a factor of 5079822?
True
Is 750206 a multiple of 6?
False
Does 8 divide 1708224?
True
Is 2408395 a multiple of 11?
True
Does 42 divide 2559404?
False
Does 24 divide 62921?
False
Is 26 a factor of 198224?
True
Is 10 a factor of 4993850?
True
Does 25 divide 182400?
True
Does 77 divide 8002071?
True
Is 338592 a multiple of 6?
True
Does 2 divide 20297?
False
Is 16 a factor of 3917680?
True
Is 7 a factor of 4473?
True
Is 241 a factor of 347040?
True
Is 107 a factor of 903722?
True
Does 34 divide 281962?
True
Is 296791 a multiple of 11?
True
Does 507 divide 1322173?
False
Does 320 divide 83200?
True
Is 28 a factor of 193228?
True
Is 3796065 a multiple of 13?
True
Is 1147371 a multiple of 24?
False
Is 577 a factor of 68039?
False
Does 23 divide 293756?
True
Is 853 a factor of 150128?
True
Is 419 a factor of 25207459?
True
Does 415 divide 3916355?
True
Is 13 a factor of 138910?
False
Is 2131776 a multiple of 64?
True
Does 125 divide 31973713?
False
Does 44 divide 309550?
False
Is 583737 a multiple of 133?
True
Is 21 a factor of 431251?
False
Does 587 divide 740794?
True
Is 97860 a multiple of 105?
True
Is 39 a factor of 1347839?
False
Is 18 a factor of 160550?
False
Does 170 divide 39950?
True
Is 18 a factor of 25380?
True
Does 26 divide 732?
False
Does 49 divide 8543196?
False
Is 206 a factor of 3015016?
True
Is 3 a factor of 898895?
False
Is 730750 a multiple of 729?
False
Is 15 a factor of 293133?
False
Is 418983 a multiple of 9?
False
Is 120 a factor of 109011?
False
Is 1967651 a multiple of 7?
True
Is 3382250 a multiple of 815?
True
Does 48 divide 2709120?
True
Is 109672 a multiple of 8?
True
Does 8 divide 15976?
True
Is 578992 a multiple of 4?
True
Does 68 divide 152727?
False
Is 122 a factor of 119607?
False
Does 10 divide 1483283?
False
Is 190 a factor of 70079?
False
Is 36 a factor of 374157?
False
Does 131 divide 167821?
False
Is 14791595 a multiple of 19?
True
Does 2 divide 47468?
True
Is 65 a factor of 3020043?
False
Does 1375 divide 12579875?
True
Does 101 divide 219176?
False
Is 9814589 a multiple of 174?
False
Does 463 divide 6867316?
False
Is 29 a factor of 955927?
True
Is 458221 a multiple of 7?
False
Does 1284 divide 4412333?
False
Is 23876 a multiple of 14?
False
Is 83706 a multiple of 21?
True
Does 12 divide 4156221?
False
Is 164 a factor of 1629668?
True
Is 410 a factor of 332510?
True
Is 35 a factor of 8428105?
True
Does 161 divide 587489?
True
Is 686 a factor of 2027816?
True
Is 11 a factor of 1840234?
True
Is 2 a factor of 94650?
True
Is 3904 a multiple of 3?
False
Is 275130 a multiple of 354?
False
Is 4684585 a multiple of 1051?
False
Is 10310191 a multiple of 22?
False
Does 9 divide 217044?
True
Is 106014 a multiple of 104?
False
Is 12945 a multiple of 11?
False
Does 124 divide 1051827?
False
Is 10182003 a multiple of 494?
False
Is 902104 even?
True
Does 6 divide 3984424?
False
Is 542 a factor of 51490?
True
Is 112232 a multiple of 64?
False
Is 8483397 a multiple of 17?
False
Is 8 a factor of 4264760?
True
Does 225 divide 1522575?
True
Is 192885 a multiple of 77?
True
Does 229 divide 6456197?
True
Is 695 a factor of 577545?
True
Does 109 divide 708391?
True
Does 77 divide 35849?
False
Is 638 a factor of 5959684?
False
Does 719 divide 713967?
True
Is 1550355 a multiple of 5?
True
Does 12 divide 1417490?
False
Is 10 a factor of 234620?
True
Is 38352 a multiple of 51?
True
Does 224 divide 597856?
True
Is 183592 a multiple of 106?
True
Is 52 a factor of 1970653?
False
Is 5168340 a multiple of 510?
True
Does 15 divide 21932535?
True
Does 11 divide 1928036?
True
Does 45 divide 3195?
True
Does 130 divide 5458375?
False
Is 2049408 a multiple of 6?
True
Is 333 a factor of 2728935?
True
Does 349 divide 2179899?
False
Is 37809 a multiple of 9?
True
Is 2130679 a multiple of 37?
False
Does 290 divide 2061908?
False
Is 217242 a multiple of 12?
False
Is 42 a factor of 454860?
True
Is 344554 a multiple of 30?
False